se 13, what is -4 + 22150?
22149
In base 8, what is 150061 + 2?
150063
In base 9, what is -3467 + -10?
-3477
In base 4, what is 1030000 - -20?
1030020
In base 5, what is -10 + 302121044?
302121034
In base 4, what is -101 - 330233?
-331000
In base 5, what is 2 - 10140113?
-10140111
In base 16, what is 2a53 - -13?
2a66
In base 14, what is -b0 + -19?
-c9
In base 7, what is 0 + -324331?
-324331
In base 2, what is -11111000110 - 111111110?
-100111000100
In base 7, what is 5 + -563365?
-563360
In base 10, what is -325498 - -5?
-325493
In base 3, what is 221121 + -21200?
122221
In base 16, what is 755cd - -4?
755d1
In base 12, what is -4 + -32b3a?
-32b42
In base 6, what is -3142111 + 11?
-3142100
In base 15, what is -3327e - 4?
-33283
In base 4, what is 1 + 33301100?
33301101
In base 3, what is 0 - 21011012121?
-21011012121
In base 2, what is 111010111 - 110111001010?
-101111110011
In base 3, what is 201000210 + 22111?
201100021
In base 16, what is 55 + 30?
85
In base 3, what is 11110111 + -10100?
11100011
In base 4, what is 30232 - -2012?
32310
In base 12, what is 934950 + 4?
934954
In base 14, what is 1 + -d038?
-d037
In base 3, what is -10210121 + 2220?
-10200201
In base 5, what is -3 + -242214?
-242222
In base 11, what is 655 - 89?
577
In base 15, what is -2 + -26ee5?
-26ee7
In base 14, what is 3b0c - -49?
3b57
In base 11, what is 25a + 96?
345
In base 5, what is 1013144 + 3?
1013202
In base 4, what is 11 - 2132220301?
-2132220230
In base 13, what is 5 - -1900?
1905
In base 4, what is 1 + 21232003?
21232010
In base 11, what is -17000 - 50?
-17050
In base 11, what is 3382 + 9?
3390
In base 2, what is 100 - -110000101?
110001001
In base 8, what is 512054 + 1?
512055
In base 2, what is -110 + 1010100101010011111?
1010100101010011001
In base 3, what is 21101200 + -11001?
21020122
In base 12, what is -8 - 12831?
-12839
In base 2, what is -100110010010000 + 100010?
-100110001101110
In base 10, what is -10 - 7688?
-7698
In base 16, what is 1a428 + -5?
1a423
In base 6, what is -14403 + -14213?
-33020
In base 3, what is -12 - -100001022?
100001010
In base 14, what is 6 - 23a6d?
-23a67
In base 15, what is 3 - b03?
-b00
In base 4, what is 0 + 2111133?
2111133
In base 8, what is 2 + 15354?
15356
In base 14, what is 564b - -149?
5796
In base 4, what is -22022 + 12?
-22010
In base 7, what is 3 + -643520?
-643514
In base 4, what is 21003 - -13?
21022
In base 7, what is -13230 + 3?
-13224
In base 4, what is 31101 - 20013?
11022
In base 5, what is -320 + 10324?
10004
In base 12, what is -8671b8 + 0?
-8671b8
In base 2, what is -110 - 111?
-1101
In base 9, what is -275 + 161?
-114
In base 5, what is -10044 + -441?
-11040
In base 13, what is -11013 - 6?
-11019
In base 8, what is -2563 - 531?
-3314
In base 8, what is 2 + 133704?
133706
In base 11, what is 344 - -a25?
1269
In base 15, what is -11c9 - 1e6?
-13c0
In base 10, what is -3859 + -2?
-3861
In base 12, what is 88211 + 2?
88213
In base 13, what is -242 + 4b3?
271
In base 9, what is 162862 + -10?
162852
In base 16, what is 4 + 67b?
67f
In base 3, what is 11 - 200210001?
-200202220
In base 3, what is -2011 + 110112?
101101
In base 16, what is c - -2e46?
2e52
In base 3, what is -1011 + 10101100101?
10101022020
In base 9, what is -3486 - 163?
-3660
In base 10, what is -3 + 9724?
9721
In base 12, what is 4853 - -10?
4863
In base 4, what is 20000302 + -13?
20000223
In base 12, what is b + -27a934?
-27a925
In base 16, what is 2a2e + -2b?
2a03
In base 3, what is 10 + 2221112222?
2221120002
In base 14, what is -2 - 10abb2?
-10abb4
In base 15, what is -1 + -70b43?
-70b44
In base 5, what is -41312 - 0?
-41312
In base 16, what is -79d41 - -3?
-79d3e
In base 9, what is -51417 + 4?
-51413
In base 15, what is 8 + -651?
-648
In base 7, what is 3336 - -1?
3340
In base 16, what is -14ff5c - 5?
-14ff61
In base 11, what is -11a7 - -418?
-88a
In base 8, what is 4257 - 6?
4251
In base 2, what is -10101001000 + 10110011010?
1010010
In base 11, what is 19 + 7?
25
In base 9, what is -5 - -2885?
2880
In base 4, what is -1 + -20000310?
-20000311
In base 15, what is -94 + 4d?
-46
In base 15, what is -26 + -b98?
-bbe
In base 5, what is -4 + -20031240?
-20031244
In base 15, what is -dd - -13ae?
12c1
In base 13, what is 973 + -36?
93a
In base 11, what is 2394 + 346?
272a
In base 12, what is -144a - 37?
-1485
In base 9, what is -118 + -10645?
-10764
In base 7, what is -5512 - 63?
-5605
In base 6, what is -5 + -10122400?
-10122405
In base 14, what is -31452c - 1?
-31452d
In base 4, what is 1321 + 110112?
112033
In base 11, what is -10526 - 6?
-10531
In base 15, what is -5060 - -4?
-505b
In base 13, what is -2 - 28c21?
-28c23
In base 3, what is 100111102 - 1201?
100102201
In base 12, what is 12 - 47960?
-4794a
In base 3, what is 1221000 + 10?
1221010
In base 8, what is -4 - -74156?
74152
In base 2, what is 1 - 1111010010001101001?
-1111010010001101000
In base 8, what is 1 + 36665?
36666
In base 10, what is -10985 + -5?
-10990
In base 4, what is -3101011212 + 3?
-3101011203
In base 11, what is 4 + -7913?
-790a
In base 15, what is 1765 + 3be?
1b34
In base 3, what is -1010022102211 + 2?
-1010022102202
In base 11, what is -421a - 73?
-4292
In base 5, what is -3 - -13220?
13212
In base 11, what is -1 + 18a614?
18a613
In base 14, what is 5 + -86446?
-86441
In base 16, what is -153 + -2a?
-17d
In base 9, what is 23620 - 2?
23617
In base 3, what is 1 - 1010011201112?
-1010011201111
In base 11, what is -4633 + 34?
-45aa
In base 13, what is 2a + -1814?
-17b7
In base 3, what is -100001 - 1000?
-101001
In base 8, what is 74337 + 4?
74343
In base 4, what is -10131133001 + -11?
-10131133012
In base 3, what is -2 - 11012011?
-11012020
In base 14, what is 397 - -9d?
456
In base 14, what is 43 + 2367?
23aa
In base 8, what is 110 - 11426?
-11316
In base 13, what is 13a83 + 2?
13a85
In base 2, what is 11100 + 10101110011110?
10101110111010
In base 7, what is 1 + -2625133?
-2625132
In base 4, what is -1211110011 - 0?
-1211110011
In base 3, what is 0 + -1102020021012?
-1102020021012
In base 5, what is -1 - 204224?
-204230
In base 2, what is -101110100 - 10000?
-110000100
In base 4, what is 2 - -12030303?
12030311
In base 11, what is 1 - -7095a?
70960
In base 5, what is -11003133 - -4?
-11003124
In base 6, what is 130334 - -423?
131201
In base 11, what is -530 - 84?
-604
In base 6, what is -2 + -55112?
-55114
In base 12, what is 14 - 2573?
-255b
In base 8, what is 0 + 216210?
216210
In base 3, what is -12112200212 + -1?
-12112200220
In base 8, what is -3 - 12515?
-12520
In base 4, what is 130000 + 21020?
211020
In base 4, what is 303330030 - 1?
303330023
In base 12, what is -2 - 1913?
-1915
In base 8, what is -3137 - -2?
-3135
In base 2, what is -1110001110001 + -111?
-1110001111000
In base 7, what is 1263664 - 21?
1263643
In base 11, what is -9 - -113a?
1131
In base 5, what is 0 + 1131002?
1131002
In base 13, what is 415527 + 5?
41552c
In base 16, what is -6fe - 118?
-816
In base 3, what is -2022221221020 + 1?
-2022221221012
In base 7, what is 32125232 + 3?
32125235
In base 4, what is -131213 + -3321?
-201200
In base 14, what is 159 + 468?
5c3
In base 10, what is 4 + 10891?
10895
In base 10, what is 2 + -1239330?
-1239328
In base 9, what is 2 - 44214?
-44212
In base 14, what is -1460 + -1c?
-147c
In base 2, what is 101 - 100011010001110?
-100011010001001
In base 13, what is -64b0 + -150?
-6630
In base 5, what is -134313 + 0?
-134313
In base 10, what is 357184 - 5?
357179
In base 9, what is 0 + -353754?
-353754
In base 14, what is -3 - -945d?
945a
In base 4, what is -31332322 - 11?
-31332333
In base 7, what is 40 - 4042?
-4002
In base 3, what is -2100 - -1101112?
1022012
In base 9, what is 634 - -3?
637
In base 11, what is -67147 + -5?
-67151
In base 12, what is 2509b7 + -2?
2509b5
In base 9, what is 263 - 18?
244
In base 7, what is 2 + -212122?
-212120
In base 15, what is -1e + -17d4?
-1803
In base 13, what is -477 + c9?
-37b
In base 9, what is -121 + 128106?
127875
In base 12, what is 237 - -18?
253
In base 2, what is 101001 + -1001010110?
-1000101101
In base 12, what is 115b - -62?
1201
In base 8, what is 4 + -3041314?
-3041310
In base 8, what is 522 + -1016?
-274
In base 16, what is -9 + -11eab?
-11eb4
In base 10, what is 12 + -12038?
-12026
In base 11, wha